 4. Let n(r) be the second derivative of r**3/2 + 34*r**2 - 4*r. Let z be n(-24). Calculate y(z).
-8
Let h = -16 - -18. Let p(u) = 5 + 3*u + 10*u**h - 11*u**2 + u. Calculate p(6).
-7
Let p(t) = -11*t + 7. Let z(y) = -31*y + 24. Let a(v) = -17*p(v) + 6*z(v). Give a(-8).
17
Let x(k) = k + 5. Let p(a) be the first derivative of -a**2/2 - 4*a + 32. Let z(v) = -2*p(v) - 3*x(v). Calculate z(-4).
-3
Suppose 2*i - 3 - 23 = 0. Suppose -i - 9 = -4*a - 3*w, -1 = a + 4*w. Let p(c) = c**2 - 8*c + 7. Give p(a).
0
Let t(i) be the third derivative of -2/3*i**3 + 1/60*i**5 + 0*i + 10*i**2 + 1/8*i**4 + 0. Calculate t(-3).
-4
Let x be (-6)/(-2)*(2 - 0). Let i(k) = -k**3 - k + 2*k**2 + 1 + 1 + x*k. Let f = -13 + 17. Calculate i(f).
-10
Let s(h) = h**3 + 4*h**2 - 18*h - 29. Let u be s(-6). Let c(y) = y**3 - 6*y**2 - 5*y + 3. Determine c(u).
17
Let p(y) = -4*y - 2. Let z be p(0). Let j(n) = n. What is j(z)?
-2
Let x(l) be the first derivative of -l**4/2 + l**3 + 13*l**2/2 + 13*l + 21. Let n(q) = -q**3 + q**2 + 7*q + 7. Let u(i) = -5*n(i) + 3*x(i). Give u(5).
-1
Let l be 3 + -1 + (-4)/2. Let i(f) = l - 6*f**2 - 3 + f**3 - 5. Let k be 6/(-8) + (-324)/(-48). Give i(k).
-8
Let q be 114/228*(-1)/(-2). Let o(h) be the first derivative of -3/2*h**2 + 3 - q*h**4 - 2*h**3 + 5*h. Calculate o(-4).
-15
Let o(f) = f**3 + 6*f**2 - f - 3. Suppose 3*l + 0*l + 9 = 0. Suppose 0 = -10*d + 9*d - 6. Let g be l/(-2)*(-10 - d). Calculate o(g).
3
Let g(q) = -q**2 + 3*q - 2. Let w be g(4). Let n(k) = -k**2 - 7*k - 10. Let i be n(-4). Let b(f) = 13*f - 2 - f**3 - 5*f**i + 14*f - 22*f. Give b(w).
4
Let z(w) = w - 8. Let q(h) = 2*h + 42. Let g be q(-18). Calculate z(g).
-2
Let f(l) be the first derivative of l**4/12 - l**3/3 - 10*l**2 - 24. Let b(w) be the second derivative of f(w). Calculate b(3).
4
Suppose 2*x - 4 = 2. Let j(k) = k**2 - 4*k + 2. Let z be j(x). Let t(c) = 2*c**2 + c. Give t(z).
1
Let y(u) be the second derivative of u**4/12 + u**2/2 - 3*u. Let h be y(2). Suppose -2*f - 4 = 5*o, 10 = -h*f - o + 6*o. Let b(q) = 2*q + 3. Give b(f).
-1
Suppose 5*l = 2*h - 8, h - 3 = -4*l + 1. Let k(c) = -2*c**2 + 7. Let a be k(l). Let g(m) = -6*m**2 - 3 - 6*m + 5 + 3 + m**3. What is g(a)?
12
Let i(r) = 5*r - 4. Let b(c) = -c - 1. Let h(x) = 4*b(x) + i(x). Let s = 5 + 0. Determine h(s).
-3
Suppose 3*z + 11 - 17 = 0. Let y(f) = -23 - z*f + 0*f + 28 + f**2 + f. What is y(4)?
17
Let i(k) = -k + 1. Let t(p) = -15*p + 4. Let s(j) = 15*i(j) - 3*t(j). Give s(-2).
-57
Let d(b) = b**3 + 14*b**2 + b + 18. Suppose -50*i = -43*i + 98. Give d(i).
4
Let u = -510 - -15301/30. Let r(h) be the third derivative of u*h**5 - 6*h**2 + 1/3*h**3 + 0 + 0*h - 1/4*h**4. Give r(4).
10
Suppose -4 = -8*r + 4*r. Let l be 0 - ((-2)/2)/r. Let o(s) = -3*s - 2. Let t(d) = 10*d + 7. Let z(x) = 7*o(x) + 2*t(x). Determine z(l).
-1
Let q(u) = -u - 10. Let k(w) = -w**2 + 8*w + 1. Suppose -2*p - 4 + 2 = 0. Let c be k(p). What is q(c)?
-2
Let h(k) = -4*k - 20. Let g(j) = -j - 5. Let t(l) = 3*g(l) - h(l). Let b(f) = f - 16. Let r be b(10). Calculate t(r).
-1
Let z = 1028 + -1023. Let r(y) be the second derivative of 5/6*y**3 + y + 5/2*y**2 + 0 - 1/12*y**4. Calculate r(z).
5
Let d(j) = -j**3 - 5*j**2 - 12*j - 4. Let z be d(-5). Let y = z - 53. Let l(w) = 2*w**2 - 5*w + 3. What is l(y)?
6
Let o(k) = -k**2 - 2*k - 4. Let a be -6 + 5 + 5 + -7. Give o(a).
-7
Let r(w) = -12*w + 3. Let x(g) = -10*g + 2. Let v(y) = 2*r(y) - 3*x(y). Suppose 8*m - 6*m = 0. Suppose m*z - 1 = z. Calculate v(z).
-6
Let i(m) be the second derivative of -5*m**2 + 0 - 12*m - 7/12*m**4 + 1/6*m**3 + 1/20*m**5. Determine i(7).
-3
Let f(k) = 3*k**2 - 6*k - 12. Let c be f(-9). Let b(v) = -c*v**2 + 0 + 3 - 3*v + 287*v**2 + v**3. Let w(t) = t - 9. Let j be w(6). Calculate b(j).
3
Let p(v) = -v**3 - 5*v**2 - 7*v - 6. Let j be p(-4). Let y(q) = q - 6. What is y(j)?
0
Suppose 3*n - 24 = -9. Let m be (7 - 12/4) + 0. Let h(d) = 0*d + d + d - m. What is h(n)?
6
Let w(b) = -7*b**2 + b. Let s(a) = -13*a**2 - 3*a + 4. Let t(i) = 25*i**2 + 5*i - 7. Let v(j) = -7*s(j) - 4*t(j). Let k be v(1). Let p = -7 - k. What is w(p)?
-6
Let n be 2/5 - 14/10. Let g(j) be the third derivative of 0*j**3 + 6*j**2 + 0*j - 1/12*j**6 + 0*j**4 + 0 - 1/60*j**5. Determine g(n).
9
Let j(y) = 46 + 4 + 12*y + 8*y + 0 - 13*y. Calculate j(-7).
1
Let f = -143 + 204. Suppose -14 - f = -15*b. Let j(w) = -2*w - 1. What is j(b)?
-11
Let d(u) be the third derivative of u**6/120 + u**5/20 - 1143*u**2. Let m be (20/6)/((-2)/6). Let h = 7 + m. What is d(h)?
0
Let n(q) = -q**2 - 3*q. Let k(f) = 23*f - 97. Let r be k(4). Calculate n(r).
-10
Suppose 3 = w + 5*k, -3*w + 3*k - 18 + 45 = 0. Let v be ((-6)/w)/((-2)/8). Let q(n) = -3 + n**3 + 9*n**2 - 4*n**2 + 3 - 3*n + 3 - 7*n**2. Calculate q(v).
3
Let s(z) = z. Let b(p) = -p**2 - 2*p + 6. Suppose -3*v - 4 = -v. Let q(f) = v*s(f) + b(f). What is q(-5)?
1
Suppose 2*j + 5*j = -154. Let n = j + 18. Let l(v) = -v**2 - 6*v - 1. Determine l(n).
7
Let z(g) = 11*g**2 + 3*g - 5. Let p(w) = -10*w**2 + 4*w - 3. Let b(h) = h**2 - h + 1. Let j(x) = -5*b(x) - p(x). Let v(r) = 5*j(r) - 2*z(r). Calculate v(-1).
4
Let n(d) = -d**3 + 13*d**2 - 13*d + 18. Let k(p) = p**3 - 12*p**2 + 12*p - 16. Let h(z) = -4*k(z) - 3*n(z). Give h(8).
2
Let i be 2*(-6)/(48/28). Let o(b) = -2*b - 6. Determine o(i).
8
Let b(m) = -m**2 - 15*m + 46. Let z be b(2). Let k(c) = -c**3 + 14*c**2 - 24*c + 8. Give k(z).
8
Suppose 6*d - 9*d = 3*g, 5*g = 3*d. Let y(i) be the third derivative of -3*i**2 + 0 + 1/24*i**4 + 1/15*i**5 + 1/6*i**3 + 1/120*i**6 + d*i. Give y(-4).
-3
Let b = 34 - 31. Let t(s) = -324*s + 2*s**3 - b*s**3 + 318*s + 3 - 2 - 6*s**2. Give t(-5).
6
Let a(o) = -3*o**2 - 1. Suppose -2*c - p = p + 8, 16 = c - 3*p. What is a(c)?
-4
Let m = 520 + -528. Let t(u) = -u**3 - 9*u**2 - 5*u - 12. Give t(m).
-36
Let x(i) = i - 8. Let c be x(11). Let a(n) = c*n - 7*n + 0*n + 3 + 5*n. Determine a(-5).
-2
Let h(f) = f**3 - 9*f**2 - 8*f - 13. Suppose 0 = -c + z + 10, 2*z = -6*c + 10*c - 40. Give h(c).
7
Suppose q = 3*o + 2*q + 5, 5*q + 9 = o. Let n(f) be the first derivative of f**3/3 + f**2 + f - 146. Calculate n(o).
0
Let g(o) = o**2 - 2*o + 3. Let v(c) = -8*c + 2. Let b be v(0). Let n be g(b). Let t(p) = -2*p + 3. Calculate t(n).
-3
Suppose 91*v = 81*v + 70. Let w(z) = -z + 11. Give w(v).
4
Let d(m) = -8*m + 6. Let t be ((-50)/75)/(2/(-18)). Determine d(t).
-42
Let j be ((4452/(-72))/(-53))/((-2)/12). Let i(a) = 6*a + 45. What is i(j)?
3
Let x = -5 - -10. Suppose -12 = x*t - t. Let y(p) = -p**2 + 5*p + 6. Let h(a) = -a**2 + 4*a + 5. Let z(i) = t*y(i) + 2*h(i). Calculate z(6).
-14
Suppose -2*x + 5*y = -0*x + 3, -x - 4*y + 31 = 0. Let u = 7 - x. Let k be (-2)/u + 10/4. Let a(o) = 2*o + 4. Calculate a(k).
10
Let l be 1833/143 - 4/(-22). Let u(t) = -t**2 + 12*t + 17. Determine u(l).
4
Let z be 2/10 + (-22)/110. Let h(n) = n**2 + 2*n + 49. What is h(z)?
49
Let g(u) = -2*u**2 + u + 56. Let j be g(-5). Let z(y) = 2*y - 2. Give z(j).
0
Suppose 4*l + c = 6, -5*l + 3*c - c = -1. Let u(d) = 19*d**3 - d**2 + d. Determine u(l).
19
Let v(c) = 3*c**2 - 3*c + 1. Let q(y) = 4*y - y + 5*y + y**2 + 25 - 11. Let i be q(-6). Determine v(i).
7
Let u = 862 + -861. Let c(b) = 7*b - 3. Let g(w) = -280*w + 119. Let a(q) = 238*c(q) + 6*g(q). Give a(u).
-14
Suppose -a + 2*a = 0. Let g(c) be the first derivative of c**5/60 - c**3 + 9*c**2/2 + 7. Let p(h) be the second derivative of g(h). Calculate p(a).
-6
Let x(l) = 3*l + 21. Let s(q) = 8*q + 42. Let d(j) = 2*s(j) - 5*x(j). Determine d(7).
-14
Let j(w) = w**3 - 8*w**2 + 7*w - 8. Let q(n) = 1. Let r(x) = j(x) + q(x). Calculate r(7).
-7
Let x be (-5 - 99/(-18))*0. Let k(t) be the third derivative of -1/60*t**5 - 1/6*t**3 + 1/8*t**4 + 0 + 3*t**2 + x*t. What is k(4)?
-5
Let w(f) be the first derivative of -3*f**2/2 - 9*f + 3. Let u(i) = -6*i**2 + i + 1. Let z be u(-1). Give w(z).
9
Let c(z) = z**3 - 6*z**2 + 5*z - 1. Suppose 1 = -3*r - 26. Let n be (-5 + 1)/(2/r). Let l be 60/n*(-6)/(-4). Give c(l).
-1
Let b(q) = 0*q + 0 + q - 2. Suppose -49*i + 5 = -54*i. Let m = 3 + i. What is b(m)?
0
Let k(s) = 34*s**2. Let p = -25 - -24. Let r be k(p). Suppose 5*i + 9 = r. Let q(l) = -l**3 + 4*l**2 + 4*l - 2. Give q(i).
-7
Let f(n) = n**3 + 6*n**2 - 5*n - 3. Suppose 5*o + 30 = -3*a, -34 = -2*a - 2*o - 50. What is f